uppose -m*y - 1 + 25 = 0. Calculate the highest common factor of z and y.
8
Let a(t) = 2*t**2 + 11*t - 13. Let o be a(-10). Let x = 2905 + -2884. Calculate the greatest common divisor of o and x.
7
Let f = -9345 - -9369. Let s = 7 - 5. Suppose v = -s*v + 24. What is the highest common divisor of v and f?
8
Suppose 31*i + 49 = 24*i. Let p be 293/4*(-3 - i). Let d = 465 - p. Calculate the greatest common factor of 43 and d.
43
Suppose -20*p - 8*p = -32*p + 2736. Calculate the highest common divisor of 612 and p.
36
Suppose -243*v + 88261 = -223*v - 14399. What is the greatest common factor of v and 58?
29
Suppose 2*s = 6*s + 5*d - 33, 2*d = 10. Let r be 16/s - (-2 + 3). Suppose 0 = 4*p - 12, -2 = -4*x - 5*p + 41. Calculate the greatest common factor of x and r.
7
Suppose j + 43 = -0*j - 5*u, -j + u = 25. Let s be -5*(-43)/7 + (-8)/j. Suppose -b + 143 = s. Calculate the highest common factor of 16 and b.
16
Let h be 8392/40 + (-4)/(-6)*12/40. What is the highest common divisor of h and 4452?
42
Suppose -582*g - 13050 = -669*g. What is the greatest common factor of 11850 and g?
150
Let w be (-2)/16*-2 - 114408/(-224). Suppose -3*z = -w + 31. What is the highest common factor of 32 and z?
32
Suppose -24*p + 7244 = -20*p. Let d = 2667 - p. What is the highest common divisor of d and 8?
8
Let b be (-1839)/(-2)*(-4)/(-3). Suppose 21*d = b + 538. Calculate the greatest common factor of 112 and d.
28
Let j be (-1)/(-1) + 2475/21 + 12/(-14). What is the greatest common factor of j and 4838?
118
Let y(h) = -18*h**3 - 2*h**2 + h - 2. Let n be y(-2). Let d be (2 - 17/(-34))*((-72)/(-15))/1. Calculate the highest common divisor of d and n.
12
Let d(h) = -h**2 + h + 42. Let b be d(0). Suppose 4*j + 0*j = 2*j. Suppose -2*a + j*z + 41 = -5*z, -4*z = -12. Calculate the highest common factor of a and b.
14
Let p = -524 + 546. Suppose -9*y - 1638 = -p*y. What is the highest common divisor of 14 and y?
14
Let u = -170 + 306. Calculate the highest common divisor of 2312 and u.
136
Let i(j) = -6*j + 9. Let w be i(-7). Let g = -15 + w. Let z be -2*(12 - 3)*8/(-8). Calculate the highest common factor of g and z.
18
Let d be -816*((-3)/(-14) - 110/154). What is the greatest common divisor of 918 and d?
102
Let m be -5 - 372/(-4) - (-2 + 1). Suppose -q = -m + 23. Calculate the greatest common divisor of q and 231.
33
Let l = 15 + -6. Suppose 0 = -l*h + 59 - 23. Suppose h*m + 0*m = 72. Calculate the highest common divisor of m and 9.
9
Let o = -7839 - -8111. What is the highest common divisor of 1054 and o?
34
Let f = -192 + 194. Let x be 74/4 + (-3)/6. Suppose -3*i + 24 = -f*i - 5*k, -3*i - 3*k = -x. What is the highest common divisor of i and 63?
9
Let x = 5756 - 437. What is the greatest common divisor of 27 and x?
27
Let x = 483 - 470. Let g be (3 - x/(-3))/(4/60). Calculate the highest common factor of 40 and g.
10
Suppose -23*d + 33*d - 330 = 0. Let w be (-1 - -5) + d/(-2 + 5). Calculate the highest common factor of 300 and w.
15
Let j be 4/2*(-94)/(-4). Let o(m) = m**3 + 21*m**2 + 11*m - 325. Let b be o(-19). What is the greatest common divisor of b and j?
47
Suppose -111*s - 3043 - 8945 = 0. Let l be 130*((-15)/(-2))/5. Let n = l + s. Calculate the highest common divisor of n and 29.
29
Suppose -5 - 93 = -14*p. What is the highest common factor of 1435 and p?
7
Suppose 2*y = -5*a + 255, 3*a + 32*y - 37*y - 122 = 0. Calculate the greatest common divisor of 5 and a.
1
Let a = 24541 + -22980. Calculate the greatest common factor of 28 and a.
7
Suppose 1882*q - 1897*q + 19257 = -26538. What is the highest common factor of q and 71?
71
Suppose 8*q - 13*q - 650 = -5*k, -5*q + 538 = 4*k. Let g be (-99)/(-21) - 4/(-14). Let z = 7 + g. Calculate the highest common factor of z and k.
12
Suppose 0 = -31*u + 37*u + 90. Let c be (4 - (-85)/u)*(-4 - -1). What is the highest common factor of 115 and c?
5
Let i be (-2732)/10245 + (-3998)/(-30). Suppose 0 = -2*t - 2*t + 28. Calculate the greatest common factor of t and i.
7
Suppose o = 3*z - 11865, -384*o = z - 387*o - 3979. Calculate the highest common factor of 2288 and z.
208
Let k = -96 - -101. Suppose 5*a + 4*r - 416 = 0, 3*a - 270 = -k*r - 10. What is the greatest common divisor of 112 and a?
16
Let n(r) = r**3 - 99*r**2 + 427*r - 549. Let h be n(96). Calculate the greatest common factor of h and 15.
15
Suppose -2*y = 4 - 12. Let v be (-3)/(-4 + 10/y). Suppose 4*t = -12, 5*n + v*t - 123 = -2*t. Calculate the highest common divisor of 9 and n.
9
Let c(h) = h**2 + 27*h + 77. Let u be c(-24). Let a = 24 - 22. Suppose -3*i = -b + u*b - 7, -5*i + a*b = -3. Calculate the highest common factor of i and 3.
1
Let k = -26 - -45. Suppose -3*h + k = 463. Let n = 39 - h. What is the highest common factor of 17 and n?
17
Let t(u) = 17 - 2 - 2031*u + 1028*u + 1019*u. Let y be t(0). Calculate the highest common factor of 510 and y.
15
Let c be (14/(-39 + 11))/(2/(-284)). What is the greatest common factor of c and 9869?
71
Let c = 71 + 4. Let n(g) = -199*g - 1804. Let r be n(-9). Let h = r + c. What is the highest common factor of h and 31?
31
Suppose -11*j + 2*b + 67054 = -7*j, 16760 = j - 4*b. Calculate the greatest common divisor of 132 and j.
132
Suppose -196 + 198 = c. Let r(y) = -2*y**3 + 14*y**2 + 3*y - 16. Let h be r(7). Calculate the highest common factor of h and c.
1
Let j(r) = -1315*r - 27609. Let p be j(-21). Let q be -2*(-3)/(-3)*-1. Let f be 32 - (2 - q - -2). What is the highest common divisor of f and p?
6
Let b = -2945 + 3449. Calculate the highest common divisor of b and 168.
168
Let o(n) = -21*n + 150. Let v be o(-33). Suppose i = -5*x + 4*x + 217, -i - v = -4*x. Calculate the greatest common divisor of 371 and x.
53
Suppose -41*w - 20 = -46*w. Let d be 90/(-36) - (-130)/w. What is the greatest common divisor of 6 and d?
6
Let o be -4*(8 - 7) - (-14)/2. Suppose -16*u + o*u + 156 = 0. Let v be (-2)/(-1) + -1 + 1. What is the greatest common factor of u and v?
2
Let q = 50 + 52. Calculate the highest common factor of 1632 and q.
102
Suppose 43*w - 29*w = 40*w - 4992. Calculate the highest common divisor of w and 114.
6
Suppose 4881 - 2719 = 5*c - 6478. Calculate the highest common factor of 54 and c.
54
Let n = 106 - 101. Suppose 3*g - 20 = n*m, 2*m + 2*m = 20. Let j = 71 - g. Calculate the highest common divisor of 8 and j.
8
Suppose -164*j = -93599 + 17503. Let n(u) = 86*u**2 - 2*u - 1. Let x be n(-1). Calculate the greatest common factor of j and x.
29
Let c(t) = -3*t**3 - 159*t**2 - 160*t + 24. Let v be c(-52). What is the greatest common divisor of v and 472?
8
Let d = -325 - -113. Let u = -137 - d. Let q = u + 198. What is the greatest common divisor of 39 and q?
39
Suppose 3*f = 5*b - 6549, 0 = -3*b + 8*f - 11*f + 3915. Calculate the greatest common factor of 24 and b.
12
Let t(s) = -4*s**3 - 61*s**2 - 37*s - 50. Let w be t(-15). What is the greatest common factor of w and 756?
28
Let v be (2 - 2) + (11 - -2). Let m = -3 + v. Let w be ((-60)/(-8))/((-18)/(-24)). Calculate the highest common factor of w and m.
10
Let l(u) = 12*u**2 + 3*u + 10. Let x be l(-2). Suppose 0 = 2*n - 3*n + 4, 3*z = 5*n + x. What is the highest common divisor of 24 and z?
24
Let s be (-13140)/(-40) - 4/(-8). Suppose 2*i = -149 + s. Let q = 2 - -16. What is the greatest common factor of i and q?
18
Suppose 0 = -p + 4*g - 5*g, 0 = -3*p - 2*g + 2. Suppose 2*m = -s + 246, 2*s = -p*m + m + 495. Calculate the greatest common factor of 8 and s.
8
Let h be 2/((36/(-1944))/(3/(-4))). Let d be -12*2/(-3) + -2. What is the highest common factor of h and d?
3
Let a be 6 - ((-22)/2 + (-16 - (-9 - 2))). What is the highest common factor of a and 7414?
22
Let q(f) = 1442*f - 1750. Let j be q(2). Calculate the greatest common divisor of j and 714.
42
Let c(b) = 258*b**2 + 181*b - 973. Let h be c(6). What is the greatest common factor of 14 and h?
7
Let z(y) = 6*y**2 - 2*y + 1. Let o be z(-4). Suppose -54*j = -104 - 112. Let r be 44/5 - (j + o/(-25)). Calculate the greatest common factor of 18 and r.
9
Let d = -4906 + 4955. Calculate the greatest common divisor of 707 and d.
7
Let g(b) = -b**3 - 12*b**2 - 13*b + 26. Let v be g(-21). Calculate the greatest common divisor of 11 and v.
11
Suppose -7*o - 11*o + 504 = -12*o. Calculate the highest common divi